15, -4*d - 12 = 3*x - 3. Suppose d = -4*i - 2*f + 18, i + 2*f + 18 = -3*f. List the prime factors of i.
7
Suppose 0 = -0*w - w + 2. Let o(p) = p**3 - p**2 + p - 1. Let k be o(w). Suppose -132 = -k*a + 2*a. List the prime factors of a.
2, 11
Let h(z) = -16*z + 5. Let x be h(-4). Let g = -37 + x. What are the prime factors of g?
2
Suppose 3*r - r - 2 = 0. List the prime factors of 1578/8 + r/(-4).
197
Suppose 7*c - 1394 - 3646 = 0. List the prime factors of c.
2, 3, 5
Suppose -2*l + 11 = 7. Suppose -135 - 11 = -l*r. What are the prime factors of r?
73
Suppose -3 = -3*g, -3*p - 2*g = -5*g - 6. Suppose -40 = -p*x + 4*a, -x - 2*a = -4*a - 12. Let j = 6 + x. What are the prime factors of j?
2, 11
Let o(l) = 0*l - 8*l**2 + 7*l**2 + 2*l. Let u be o(-5). What are the prime factors of ((-90)/u)/((-2)/(-14))?
2, 3
Let h be (18/8)/((-7)/(-28)) + 0. Suppose h*z = 1254 - 309. What are the prime factors of z?
3, 5, 7
Let n(u) = 5*u**2 + 11*u + 1. Let a be n(-9). Suppose 5*w = a - 7. List the prime factors of w.
2, 3, 5
Let r be (7 + -3)/(2 - (-24)/(-9)). List the prime factors of (-33746)/(-141) - (4/r - -1).
239
Let n(h) = 2*h**2 - 13*h + 3. Let g be n(16). Let k = -210 + g. What are the prime factors of k?
97
Suppose -13 = 3*n + 5*w, n = -8*w + 3*w + 9. Let c(a) = -a**2 - 13*a + 7. Let m be c(n). Suppose 1 = v - m. What are the prime factors of v?
2, 3, 5
Let j = 2032 + -1047. List the prime factors of j.
5, 197
Suppose 0*u + 4*u - 4*a = 0, -4 = -2*a. Let g be 6 - u/(2/3). Suppose g*c - 4*c + 40 = 0. What are the prime factors of c?
2, 5
Suppose -4*u + 30 = u. Suppose 4*n = -a - 2*a + 12, 0 = 2*a + 2*n - u. Suppose a = 5*o - 10*o + 280. What are the prime factors of o?
2, 7
Let d = 21 - 23. List the prime factors of 56/(d/(-1)) - (-18)/9.
2, 3, 5
Let q(z) = -209*z - 108. List the prime factors of q(-11).
7, 313
Let s = 5991 + -3001. List the prime factors of s.
2, 5, 13, 23
Let m = 34 - 30. Suppose 3*b = -5*l - 17, -b + l + 1 = -m*l. Let y(q) = -4*q - 2. What are the prime factors of y(b)?
2, 7
Let w(i) be the first derivative of i**3/3 + 5*i**2/2 + i - 1. Suppose 4*o = c + 19, 11*o = 8*o + 2*c + 18. What are the prime factors of w(o)?
37
Let m(d) = -d**3 - 5*d**2 - 4*d. Let v be m(-3). Let r = v + 30. List the prime factors of r.
2, 3
Let t(u) = 8*u**2 + 1. Let w be t(-1). Let g be -39*6/w + -1. Let z = g - -71. What are the prime factors of z?
2, 11
What are the prime factors of 4 - (-707 - (4 - 7))?
2, 3, 59
Let l(j) = 235*j**2 + 43*j + 86. What are the prime factors of l(-2)?
2, 5, 47
Let y be (-8)/(-16) - (-3)/2. Let t(h) = -2 - 1 - 2 + 5*h + y. What are the prime factors of t(7)?
2
Suppose -20*o - 25718 = -27*o. List the prime factors of o.
2, 11, 167
Let y(z) = -z - 28. Let u be 2/8 - 98/8. Let p be y(u). What are the prime factors of (-9 - -7)*(0 + p)?
2
Suppose 0 = 5*u + 20 - 0, -4*k - u = 0. Let m = k + 16. What are the prime factors of m?
17
Suppose -39*k + 711 = -35*k - 5*w, -5*k = -5*w - 890. List the prime factors of k.
179
Suppose -5 - 11 = 4*r. Let y = r + 6. Suppose y*k - 25 = 43. List the prime factors of k.
2, 17
Suppose 0*l = -4*l + 12. What are the prime factors of l/(-1) - 100/(-4)?
2, 11
Let g(n) be the third derivative of n**6/120 + n**5/20 + n**4/24 + 2*n**3/3 + 5*n**2. Let q be g(-3). List the prime factors of (q*16)/(10/5).
2
Let h(t) = -t**3 - 14*t**2 + 14*t + 15. Let y be h(-15). Suppose -37*s + y*s = -42. What are the prime factors of s?
2, 3
Let g = 9 + -124. Let s = g - -61. Let u = -31 - s. List the prime factors of u.
23
Suppose 2*j = 3*n - 4, -16 - 12 = -4*j - 3*n. Let t(b) = -b**3 + 5*b**2 - 2. List the prime factors of t(j).
2, 7
Let f(c) = c + 3. Let b be f(-6). What are the prime factors of (14 + b + 2)/((-4)/(-8))?
2, 13
Let f(b) = 487*b - 22. List the prime factors of f(2).
2, 7, 17
Let f = 590 + 2309. List the prime factors of f.
13, 223
Suppose 9*w = 4*w. Suppose -2*i = -w*i - 32. List the prime factors of i.
2
What are the prime factors of 34*10/((-100)/(-15))?
3, 17
Suppose 5*x + 3 = 6*x. Suppose -x*v = 2*v + 5. What are the prime factors of v + (-5 - -2) + 16?
2, 3
Suppose -5460 = -18*b + 33870. List the prime factors of b.
5, 19, 23
Let d(w) = 2*w**2 + 12*w + 8. Let y be d(-8). Let o = y - 23. Suppose 3*a - o = 13. List the prime factors of a.
2, 5
Suppose -4*k = -2*t - 3*k + 462, -4*t = -k - 924. List the prime factors of t.
3, 7, 11
Let a(i) = 114*i - 27. List the prime factors of a(7).
3, 257
Suppose v + 3716 = 5*b, -3*v + 1019 + 464 = 2*b. List the prime factors of b.
743
Let q = -31 + 53. Let u = q + 21. List the prime factors of u.
43
List the prime factors of (-113385)/(-20) - ((-14)/8 + 1).
2, 3, 5, 7
Suppose 44*v - 47*v + 4039 = -5*y, -3*v + y + 4043 = 0. List the prime factors of v.
2, 337
Suppose -4*t - 2*a + 3 = -5*a, -4*t + 4*a + 8 = 0. Let o be -1 + 0*(2 + t). Let p = 17 + o. What are the prime factors of p?
2
Let l = 819 - -101. What are the prime factors of l?
2, 5, 23
Suppose 9*m + 342 = 1827. Suppose -f - 71 - 44 = 0. Let c = f + m. List the prime factors of c.
2, 5
Let m = 109 - 107. Suppose m*r - h = 239, 3*r - 4*h + 8*h - 342 = 0. What are the prime factors of r?
2, 59
Let s be 0*-2*(-1)/(-4). Suppose s = -9*j + 5*j + 36. What are the prime factors of j?
3
Suppose 9*z = 4*z + 15. Let p(s) = 7*s**2 + 5*s + 2. What are the prime factors of p(z)?
2, 5
Let y(l) = -l**3 + 9*l**2 - 6*l - 11. Let p be y(8). Suppose 25 = 5*v, 139 = p*u - 3*v - 96. List the prime factors of u.
2, 5
Let b(p) = p**2 - 24*p + 117. What are the prime factors of b(19)?
2, 11
Suppose 3*a = 10 + 5, 4*s = a + 19. Let z = s - 1. Suppose d = z*p + 16, -5*d + 2*p + 48 = -2*d. What are the prime factors of d?
2
Let p(c) = 3*c + 1121 - 1155 + 7*c. List the prime factors of p(5).
2
Let v = -6 + 11. Suppose 3*s - 4*l - 73 = 0, -7 = 2*s - 5*l - 44. Suppose v*d - 53 = -2*q + 23, -q + d + s = 0. List the prime factors of q.
3, 11
Let j(n) = -64*n**3 - 2*n**2 + n. Let m be j(1). Let g = m - -126. List the prime factors of g.
61
Let w(g) = g + 1. Let z(t) = -t**3 - 4*t**2 + 5*t + 2. Let u be z(-5). Let c be w(u). Suppose 0 = -c*j + 5*j - 18. What are the prime factors of j?
3
Let o = 2029 + -474. List the prime factors of o.
5, 311
List the prime factors of (3 - 16)/(1/(-3)).
3, 13
Suppose 40*s + 19095 = 51375. What are the prime factors of s?
3, 269
What are the prime factors of -4*(-2)/6*291?
2, 97
Let z(k) = -k**3 + 5*k**2 + 4*k + 12. Let q be z(6). Suppose 0 = -q*p + 2*p - 22. What are the prime factors of p?
11
Let c be 6714/4 - 9/(-18). Suppose c = 10*z - 1. List the prime factors of z.
2, 3, 7
What are the prime factors of ((-378)/30)/((-8)/440)?
3, 7, 11
Suppose -2*n - o + 104 = 3*o, -n = -5*o - 38. Let u(y) = y**3 - 6*y**2 + 8*y + 3. Let s be u(4). Suppose -2*j - n = -s*j. What are the prime factors of j?
2, 3
Let t = -30 - -28. List the prime factors of t/6 + (0 - 1263/(-9)).
2, 5, 7
Let g(x) = 533*x - 15. Let n be g(14). What are the prime factors of (-4)/18 + n/99?
3, 5
Suppose 4*s + 6800 = 14*s. What are the prime factors of s?
2, 5, 17
Let y(g) = 77*g - 1. Suppose -3*b + 2*f - 5*f = 0, 5*b + 4*f = 1. Let n be y(b). Let j = n - 52. What are the prime factors of j?
2, 3
Suppose -166 = -k + 169. Suppose -5*w + w + 360 = 5*a, k = 5*a - w. What are the prime factors of a?
2, 17
Suppose -4 = 4*r, 5*l - 3*r + 1 - 4 = 0. Let m = 19 - l. What are the prime factors of m?
19
Let k = 85 + -46. What are the prime factors of k?
3, 13
What are the prime factors of (-13 - -9) + 284 + 12/4?
283
Suppose 5*m - 95 = 265. Suppose 0*u - m = -4*u. What are the prime factors of u?
2, 3
Suppose 8*l + 748 = 7260. What are the prime factors of l?
2, 11, 37
Let z be ((-4)/(-16))/((-1)/(-12)). Suppose -z*o - 140 = -5*v, 4*v - 89 = 3*o + 26. What are the prime factors of v?
5
Let k(y) = -136*y - 14. Let h be k(-3). Suppose 0 = 2*r - 3*j - h, 0 = 2*r - 4*r - 2*j + 394. List the prime factors of r.
197
Let q(j) = j**3 - 16*j**2 + 16*j - 2. Suppose -16*g = -19*g - 33. Let k = g + 26. List the prime factors of q(k).
13
Let h = 10507 + -5549. List the prime factors of h.
2, 37, 67
Let p(m) = -2*m - 21. Let s be p(-13). Suppose 457 = s*k - 253. List the prime factors of k.
2, 71
Let n be 6/14 + (-72)/(-28). Suppose n*t = -2*t - 310. Let a = 95 + t. Li